r of 35926?
True
Is 25 a factor of 48886?
False
Does 3 divide 190?
False
Is 5 a factor of 3450?
True
Is 54903 a multiple of 25?
False
Is 44 a factor of 9724?
True
Does 21 divide 880?
False
Does 13 divide 1885?
True
Does 25 divide 270?
False
Is 292 a factor of 55359?
False
Is 808 a multiple of 14?
False
Is 1657 a multiple of 61?
False
Does 32 divide 1690?
False
Does 40 divide 7480?
True
Does 6 divide 20484?
True
Is 26 a factor of 6118?
False
Does 35 divide 5215?
True
Does 10 divide 23666?
False
Does 16 divide 843?
False
Does 93 divide 23460?
False
Is 10 a factor of 1320?
True
Is 8 a factor of 824?
True
Does 40 divide 760?
True
Does 19 divide 2033?
True
Does 16 divide 512?
True
Is 2008 a multiple of 8?
True
Is 52 a multiple of 13?
True
Is 418 a multiple of 18?
False
Is 202 a multiple of 11?
False
Is 10 a factor of 60905?
False
Is 13 a factor of 373?
False
Does 76 divide 39216?
True
Is 156 a factor of 3744?
True
Does 12 divide 2734?
False
Does 146 divide 17757?
False
Is 6 a factor of 2370?
True
Is 435 a multiple of 15?
True
Is 28 a factor of 9578?
False
Is 192 a factor of 17583?
False
Is 10 a factor of 826?
False
Does 14 divide 1414?
True
Is 6619 a multiple of 29?
False
Is 1337 a multiple of 9?
False
Is 6 a factor of 123?
False
Does 51 divide 13821?
True
Is 8320 a multiple of 65?
True
Does 30 divide 3123?
False
Does 15 divide 5076?
False
Is 18 a factor of 126?
True
Does 9 divide 1108?
False
Is 2486 a multiple of 19?
False
Does 30 divide 3590?
False
Is 14430 a multiple of 15?
True
Is 33513 a multiple of 36?
False
Is 112 a factor of 17603?
False
Is 71 a factor of 5041?
True
Is 122 a multiple of 6?
False
Does 7 divide 2870?
True
Is 4716 a multiple of 13?
False
Is 1302 a multiple of 7?
True
Is 47 a factor of 33958?
False
Is 9 a factor of 250?
False
Does 14 divide 9828?
True
Is 31 a factor of 28593?
False
Does 16 divide 7486?
False
Is 53 a factor of 53?
True
Does 36 divide 777?
False
Does 5 divide 5155?
True
Does 17 divide 340?
True
Does 10 divide 483?
False
Is 36 a factor of 28404?
True
Is 807 a multiple of 9?
False
Is 8 a factor of 13175?
False
Is 10 a factor of 660?
True
Is 50 a factor of 68171?
False
Is 1204 a multiple of 28?
True
Does 314 divide 37680?
True
Does 31 divide 3508?
False
Does 47 divide 32513?
False
Does 19 divide 76259?
False
Is 1164 a multiple of 3?
True
Is 11518 a multiple of 2?
True
Is 3 a factor of 70?
False
Does 2 divide 95?
False
Does 11 divide 18852?
False
Does 17 divide 1122?
True
Is 1488 a multiple of 8?
True
Is 82239 a multiple of 11?
False
Is 29 a factor of 551?
True
Does 15 divide 17080?
False
Is 8484 a multiple of 6?
True
Is 12 a factor of 66041?
False
Is 6223 a multiple of 16?
False
Does 6 divide 2975?
False
Is 416 a multiple of 14?
False
Is 2400 a multiple of 50?
True
Does 9 divide 27?
True
Does 16 divide 48?
True
Is 13 a factor of 3380?
True
Is 28 a factor of 252?
True
Is 7246 a multiple of 46?
False
Is 55 a factor of 42735?
True
Is 3309 even?
False
Is 834 a multiple of 49?
False
Is 740 a multiple of 6?
False
Is 473 a multiple of 6?
False
Is 1044 a multiple of 9?
True
Is 56 a multiple of 3?
False
Is 30 a factor of 9363?
False
Does 13 divide 1640?
False
Does 20 divide 953?
False
Is 280 a multiple of 4?
True
Is 119 a multiple of 6?
False
Is 26 a factor of 676?
True
Is 60 a factor of 1774?
False
Is 23436 a multiple of 14?
True
Does 4 divide 8532?
True
Is 7 a factor of 5446?
True
Does 4 divide 10340?
True
Is 13 a factor of 85462?
True
Does 24 divide 888?
True
Is 67 a multiple of 8?
False
Does 216 divide 33707?
False
Is 4159 a multiple of 3?
False
Is 20 a factor of 11216?
False
Does 57 divide 4312?
False
Is 1560 a multiple of 4?
True
Does 375 divide 80203?
False
Is 28 a factor of 4256?
True
Is 9983 a multiple of 149?
True
Is 66555 a multiple of 27?
True
Is 81 a factor of 412?
False
Does 11 divide 44?
True
Does 12 divide 5578?
False
Is 2299 a multiple of 4?
False
Does 21 divide 7282?
False
Is 11 a factor of 48?
False
Is 43 a factor of 10019?
True
Is 7168 a multiple of 7?
True
Is 15474 a multiple of 236?
False
Does 5 divide 275?
True
Is 3 a factor of 7237?
False
Does 8 divide 318?
False
Is 35802 a multiple of 221?
True
Is 896 a multiple of 4?
True
Is 336 a multiple of 48?
True
Is 826 a multiple of 4?
False
Is 39 a factor of 1209?
True
Does 61 divide 793?
True
Is 73 a factor of 33945?
True
Does 83 divide 5439?
False
Does 11 divide 74822?
True
Does 138 divide 715?
False
Is 7 a factor of 445?
False
Does 32 divide 3936?
True
Does 25 divide 6533?
False
Is 192 a factor of 6823?
False
Does 144 divide 17856?
True
Does 12 divide 33976?
False
Is 16 a factor of 3120?
True
Is 3869 a multiple of 73?
True
Is 13 a factor of 59771?
False
Is 998 a multiple of 18?
False
Is 5 a factor of 39?
False
Does 19 divide 18658?
True
Is 15 a factor of 2626?
False
Does 4 divide 506?
False
Does 47 divide 914?
False
Does 22 divide 19118?
True
Does 75 divide 49650?
True
Does 31 divide 248?
True
Is 399 a multiple of 57?
True
Is 111 a multiple of 3?
True
Is 95 a multiple of 7?
False
Is 19 a factor of 25745?
True
Is 1551 a multiple of 33?
True
Is 296 a factor of 24397?
False
Is 12 a factor of 254?
False
Is 5 a factor of 303?
False
Does 154 divide 77507?
False
Is 3015 a multiple of 9?
True
Does 100 divide 19341?
False
Does 5 divide 5150?
True
Is 7223 a multiple of 18?
False
Is 7 a factor of 275?
False
Is 2797 a multiple of 87?
False
Is 584 a multiple of 10?
False
Is 690 a multiple of 13?
False
Is 617 a multiple of 9?
False
Is 10 a factor of 728?
False
Is 1644 a multiple of 13?
False
Is 55 a factor of 3190?
True
Is 24 a factor of 11256?
True
Does 3 divide 17724?
True
Is 902 a multiple of 37?
False
Is 5 a factor of 1810?
True
Is 755 a multiple of 40?
False
Is 12 a factor of 6948?
True
Does 149 divide 6109?
True
Is 576 a multiple of 64?
True
Does 44 divide 1100?
True
Does 16 divide 10224?
True
Is 20 a factor of 320?
True
Is 115 a multiple of 5?
True
Is 14 a factor of 51565?
False
Is 28112 a multiple of 7?
True
Does 52 divide 3588?
True
Does 46 divide 598?
True
Is 37 a factor of 3209?
False
Is 49 a factor of 77763?
True
Is 796 a multiple of 45?
False
Does 50 divide 6974?
False
Is 2443 even?
False
Is 6 a factor of 86?
False
Is 3147 a multiple of 10?
False
Does 3 divide 22?
False
Is 1328 a multiple of 8?
True
Is 5 a factor of 2482?
False
Is 1548 a multiple of 5?
False
Is 207 a factor of 30222?
True
Is 58 a multiple of 29?
True
Is 12 a factor of 352?
False
Is 756 a multiple of 18?
True
Is 32912 a multiple of 68?
True
Is 12471 a multiple of 129?
False
Is 1640 a multiple of 328?
True
Is 852 a multiple of 142?
True
Is 23774 a multiple of 17?
False
Does 48 divide 32352?
True
Is 99 a factor of 1862?
False
Is 335 a factor of 116866?
False
Is 8064 a multiple of 128?
True
Does 17 divide 171091?
False
Is 17588 a multiple of 8?
False
Is 47 a factor of 27784?
False
Is 4 a factor of 251?
False
Is 260 a multiple of 51?
False
Is 13 a factor of 1820?
True
Is 12722 a multiple of 17?
False
Is 19 a factor of 1178?
True
Is 3386 a multiple of 17?
False
Is 103 a factor of 1394?
False
Does 27 divide 1111?
False
Is 6 a multiple of 3?
True
Is 208 even?
True
Does 33 divide 8019?
True
Does 32 divide 512?
True
Is 8 a factor of 30?
False
Is 11 a factor of 2576?
False
Is 30091 a multiple of 125?
False
Does 67 divide 3149?
True
Is 2473 a multiple of 19?
False
Does 2 divide 241?
False
Does 80 divide 5120?
True
Does 13 divide 4656?
False
Does 73 divide 242?
False
Does 154 divide 33333?
False
Is 14 a factor of 20342?
True
Is 32 a factor of 100048?
False
Does 62 divide 391?
False
Is 27380 a multiple of 10?
True
Is 364 a multiple of 52?
True
Is 9 a factor of 612?
True
Is 13 a factor of 175370?
True
Does 24 divide 1061?
False
Is 930 a multiple of 12?
False
Is 17 a factor of 4610?
False
Does 47 divide 15205?
False
Is 7124 a multiple of 274?
True
Is 2108 a multiple of 17?
True
Does 15 divide 38415?
True
Is 36 a factor of 1938?
False
Is 30 a factor of 8799?
False
Is 256 a multiple of 4?
True
Is 1216 a multiple of 11?
False
Is 802 a multiple of 28?
False
Does 28 divide 1862?
False
Is 15 a factor of 1425?
True
Is 30 a factor of 330?
True
Is 823 a multiple of 101?
False
Is 11 a factor of 195?
False
Is 86 a multiple of 2?
True
Is 22 a factor of 2529?
False
Is 879 a multiple of 14?
False
Is 1216 a multiple